{"id":559,"date":"2013-06-07T12:11:02","date_gmt":"2013-06-07T10:11:02","guid":{"rendered":"http:\/\/www.nawostro.cz\/?page_id=559"},"modified":"2021-09-15T07:11:33","modified_gmt":"2021-09-15T05:11:33","slug":"media","status":"publish","type":"page","link":"https:\/\/www.nawostro.cz\/?page_id=559","title":{"rendered":"M\u00e9dia"},"content":{"rendered":"<h3><span style=\"text-decoration: underline;\"><span style=\"color: #ff0000; text-decoration: underline;\">Tady najdete odkazy na fotky, videa, plak\u00e1ty a jin\u00fd m\u00e9dia t\u00fdkaj\u00edc\u00ed se na\u0161\u00ed kapely!<\/span><\/span><\/h3>\n<p>&nbsp;<\/p>\n<ul>\n<li>Fotky z potlachu na Z\u00e1mku \u0160t\u011bdr\u00e1 u \u017dlutic \u00a0<a href=\"http:\/\/rozechelca.rajce.idnes.cz\/Potlach_na_zamku_Stedra\/\" target=\"blank\" rel=\"noopener noreferrer\">ZDE<\/a>)<\/li>\n<\/ul>\n<p>&nbsp;<\/p>\n<ul>\n<li>Video z festivalu Country na kolej\u00edch v Ch\u0159enovic\u00edch 1.6.2013<\/li>\n<\/ul>\n<p><a href=\"http:\/\/www.stream.cz\/uservideo\/816956-country-na-kolejich-2013\">http:\/\/www.stream.cz\/uservideo\/816956-country-na-kolejich-2013<\/a><\/p>\n<p>&nbsp;<\/p>\n<ul>\n<li>\u010cl\u00e1nek Kol\u00ednsk\u00e9ho den\u00edku o festivalu \u010cervenope\u010deck\u00e1 pecka \u010derven 2009 \u00a0 s hostem Wabi Da\u0148kem<\/li>\n<\/ul>\n<p>je tam i galerie s fotkama:\u00a0<a href=\"http:\/\/kolinsky.denik.cz\/kultura_region\/cervpecka_20090627.html\">http:\/\/kolinsky.denik.cz\/kultura_region\/cervpecka_20090627.html<\/a><\/p>\n<p>&nbsp;<\/p>\n<ul>\n<li>Je\u0161t\u011b jeden z \u010cervenope\u010deck\u00e9 Pecky 2010, tentokr\u00e1t se Schovankami<\/li>\n<\/ul>\n<p><a href=\"http:\/\/kolinsky.denik.cz\/galerie\/ko_cepecky_pecka.html\">http:\/\/kolinsky.denik.cz\/galerie\/ko_cepecky_pecka.html<\/a><\/p>\n","protected":false},"excerpt":{"rendered":"<p>Tady najdete odkazy na fotky, videa, plak\u00e1ty a jin\u00fd m\u00e9dia t\u00fdkaj\u00edc\u00ed se na\u0161\u00ed kapely! &nbsp; Fotky z potlachu na Z\u00e1mku \u0160t\u011bdr\u00e1 u \u017dlutic \u00a0ZDE) &nbsp; Video z festivalu Country na kolej\u00edch v Ch\u0159enovic\u00edch 1.6.2013 http:\/\/www.stream.cz\/uservideo\/816956-country-na-kolejich-2013 &nbsp; \u010cl\u00e1nek Kol\u00ednsk\u00e9ho den\u00edku o festivalu \u010cervenope\u010deck\u00e1 pecka \u010derven 2009 \u00a0 s hostem Wabi Da\u0148kem je tam i galerie s [&hellip;]<\/p>\n","protected":false},"author":1,"featured_media":0,"parent":0,"menu_order":5,"comment_status":"closed","ping_status":"closed","template":"","meta":{"ngg_post_thumbnail":0},"_links":{"self":[{"href":"https:\/\/www.nawostro.cz\/index.php?rest_route=\/wp\/v2\/pages\/559"}],"collection":[{"href":"https:\/\/www.nawostro.cz\/index.php?rest_route=\/wp\/v2\/pages"}],"about":[{"href":"https:\/\/www.nawostro.cz\/index.php?rest_route=\/wp\/v2\/types\/page"}],"author":[{"embeddable":true,"href":"https:\/\/www.nawostro.cz\/index.php?rest_route=\/wp\/v2\/users\/1"}],"replies":[{"embeddable":true,"href":"https:\/\/www.nawostro.cz\/index.php?rest_route=%2Fwp%2Fv2%2Fcomments&post=559"}],"version-history":[{"count":13,"href":"https:\/\/www.nawostro.cz\/index.php?rest_route=\/wp\/v2\/pages\/559\/revisions"}],"predecessor-version":[{"id":1665,"href":"https:\/\/www.nawostro.cz\/index.php?rest_route=\/wp\/v2\/pages\/559\/revisions\/1665"}],"wp:attachment":[{"href":"https:\/\/www.nawostro.cz\/index.php?rest_route=%2Fwp%2Fv2%2Fmedia&parent=559"}],"curies":[{"name":"wp","href":"https:\/\/api.w.org\/{rel}","templated":true}]}}

Média

<h3><span style="text-decoration: underline;"><span style="color: #ff0000; text-decoration: underline;">Tady najdete odkazy na fotky, videa, plakáty a jiný média týkající se naší kapely!</span></span></h3>
<p>&nbsp;</p>
<ul>
<li>Fotky z potlachu na Zámku Štědrá u Žlutic  <a href="http://rozechelca.rajce.idnes.cz/Potlach_na_zamku_Stedra/" target="blank" rel="noopener noreferrer">ZDE</a>)</li>
</ul>
<p>&nbsp;</p>
<ul>
<li>Video z festivalu Country na kolejích v Chřenovicích 1.6.2013</li>
</ul>
<p><a href="http://www.stream.cz/uservideo/816956-country-na-kolejich-2013">http://www.stream.cz/uservideo/816956-country-na-kolejich-2013</a></p>
<p>&nbsp;</p>
<ul>
<li>Článek Kolínského deníku o festivalu Červenopečecká pecka červen 2009   s hostem Wabi Daňkem</li>
</ul>
<p>je tam i galerie s fotkama: <a href="http://kolinsky.denik.cz/kultura_region/cervpecka_20090627.html">http://kolinsky.denik.cz/kultura_region/cervpecka_20090627.html</a></p>
<p>&nbsp;</p>
<ul>
<li>Ještě jeden z Červenopečecké Pecky 2010, tentokrát se Schovankami</li>
</ul>
<p><a href="http://kolinsky.denik.cz/galerie/ko_cepecky_pecka.html">http://kolinsky.denik.cz/galerie/ko_cepecky_pecka.html</a></p>

<p>Tady najdete odkazy na fotky, videa, plakáty a jiný média týkající se naší kapely! &nbsp; Fotky z potlachu na Zámku Štědrá u Žlutic  ZDE) &nbsp; Video z festivalu Country na kolejích v Chřenovicích 1.6.2013 http://www.stream.cz/uservideo/816956-country-na-kolejich-2013 &nbsp; Článek Kolínského deníku o festivalu Červenopečecká pecka červen 2009   s hostem Wabi Daňkem je tam i galerie s [&hellip;]</p>
