{"id":2,"date":"2011-05-24T12:10:17","date_gmt":"2011-05-24T10:10:17","guid":{"rendered":"http:\/\/www.nawostro.cz\/?page_id=2"},"modified":"2021-09-15T07:11:22","modified_gmt":"2021-09-15T05:11:22","slug":"neco-o-me","status":"publish","type":"page","link":"https:\/\/www.nawostro.cz\/?page_id=2","title":{"rendered":"O n\u00e1s"},"content":{"rendered":"<p>&nbsp;<\/p>\n<p><a href=\"http:\/\/www.nawostro.cz\/wp-content\/uploads\/2021\/02\/Nawostro-2-1-tiskova-zprava-1-2021-na-web2.jpg\"><img loading=\"lazy\" class=\"aligncenter size-large wp-image-1577\" src=\"http:\/\/www.nawostro.cz\/wp-content\/uploads\/2021\/02\/Nawostro-2-1-tiskova-zprava-1-2021-na-web2-652x1024.jpg\" alt=\"\" width=\"652\" height=\"1024\" srcset=\"https:\/\/www.nawostro.cz\/wp-content\/uploads\/2021\/02\/Nawostro-2-1-tiskova-zprava-1-2021-na-web2-652x1024.jpg 652w, https:\/\/www.nawostro.cz\/wp-content\/uploads\/2021\/02\/Nawostro-2-1-tiskova-zprava-1-2021-na-web2-191x300.jpg 191w, https:\/\/www.nawostro.cz\/wp-content\/uploads\/2021\/02\/Nawostro-2-1-tiskova-zprava-1-2021-na-web2-768x1207.jpg 768w, https:\/\/www.nawostro.cz\/wp-content\/uploads\/2021\/02\/Nawostro-2-1-tiskova-zprava-1-2021-na-web2.jpg 1654w\" sizes=\"(max-width: 652px) 100vw, 652px\" \/><\/a><a href=\"http:\/\/www.nawostro.cz\/wp-content\/uploads\/2020\/11\/Nawostro-2-0-tiskova-zprava-11-2020-na-web1.jpg\"><img loading=\"lazy\" class=\"aligncenter size-large wp-image-1565\" src=\"http:\/\/www.nawostro.cz\/wp-content\/uploads\/2020\/11\/Nawostro-2-0-tiskova-zprava-11-2020-na-web1-358x1024.jpg\" alt=\"\" width=\"358\" height=\"1024\" srcset=\"https:\/\/www.nawostro.cz\/wp-content\/uploads\/2020\/11\/Nawostro-2-0-tiskova-zprava-11-2020-na-web1-358x1024.jpg 358w, https:\/\/www.nawostro.cz\/wp-content\/uploads\/2020\/11\/Nawostro-2-0-tiskova-zprava-11-2020-na-web1-105x300.jpg 105w, https:\/\/www.nawostro.cz\/wp-content\/uploads\/2020\/11\/Nawostro-2-0-tiskova-zprava-11-2020-na-web1-768x2194.jpg 768w, https:\/\/www.nawostro.cz\/wp-content\/uploads\/2020\/11\/Nawostro-2-0-tiskova-zprava-11-2020-na-web1.jpg 1654w\" sizes=\"(max-width: 358px) 100vw, 358px\" \/><\/a><\/p>\n<p>&nbsp;<\/p>\n<p>&#8230;aktualizov\u00e1no 22.6.2016<\/p>\n<p>V\u00edtejte na str\u00e1nk\u00e1ch \u010cervenope\u010deck\u00e9 R\u00e1dobyk\u00e1ntrykapely NAWOSTRO.<\/p>\n<p>Na\u0161e nez\u00e1visl\u00e9 hudebn\u00ed sdru\u017een\u00ed se geograficky usadilo v \u010cerven\u00fdch Pe\u010dk\u00e1ch<\/p>\n<p>na Kol\u00ednsku a \u010d\u00edt\u00e1 5 \u010dlen\u016f:<\/p>\n<p>Basa: &#8222;\u00c1da&#8220; &#8211; \u00a0V\u00e1clav Adamec (kapeln\u00edk)<\/p>\n<p>Banjo: &#8222;\u0160p\u00edna&#8220; &#8211; \u00a0Miroslav \u0160pinka<\/p>\n<p>Kytara 6: &#8222;Jenda&#8220; &#8211; \u00a0Jan Galbav\u00fd<\/p>\n<p>Kytara 12: &#8222;mc&#8220; nebo &#8222;Hamrou\u0161&#8220; &#8211; \u00a0Karel Hamr \u00a0**<\/p>\n<p>Fouka\u010dky a fl\u00e9tny: &#8222;\u010c\u00e1rl\u00ed&#8220; &#8211; \u00a0Karel Svoboda<\/p>\n<p>Z\u00e1kladem reperto\u00e1ru je n\u011bkolik p\u00edsn\u00ed vlastn\u00ed tvorby, oko\u0159en\u011bn\u00e9 skladbami zn\u00e1m\u00fdch<\/p>\n<p>\u010desk\u00fdch \u00a0interpret\u016f v oblasti country-folku (Nedv\u011bdi, Kab\u00e1ti atd&#8230;.).<\/p>\n<p>** \u00a0&#8222;mc&#8220; je p\u0159ezd\u00edvka z ml\u00e1d\u00ed, kdy byl velmi ob\u00fdben\u00fd americk\u00fd rapper MC Hammer<\/p>\n<p>&nbsp;<\/p>\n<p>Datum\u00a0z\u00e1rodku\u00a0na\u0161eho sdru\u017een\u00ed je shodn\u00fd s datem svatby na\u0161eho kapeln\u00edka,\u00a0co\u017e byl \u010dervenec 2002,<\/p>\n<p>po t\u00e9 co jako svatebn\u00ed dar dostal kontrabas ( u\u017e je rozveden-pozn\u00e1mka redakce).<\/p>\n<p>To bylo prvn\u00edm impulsem k tomu, abychom se za\u010dali pravideln\u011b sch\u00e1zet. Do podzimu\u00a02002 jsme<\/p>\n<p>se rozrostli ve \u010dty\u0159\u010dlenn\u00e9 osazen\u00ed \u00c1da, mc, \u010c\u00e1rl\u00ed a \u0160p\u00edna\u00a0 &#8211;\u00a0basa, 2 kytary a banjo.<\/p>\n<p>V t\u00e9 dob\u011b se \u010c\u00e1rl\u00ed \u017eivil jako n\u00e1mo\u0159n\u00edk a ve chv\u00edli kdy se ji\u017e zd\u00e1lo \u017ee to alespo\u0148 trochu \u0161lape<\/p>\n<p>odjel na lo\u010f a z\u016fstali jsme jen ve t\u0159ech. V\u00fdhodou jeho odjezd\u016f bylo, \u017ee ve str\u00e1\u017en\u00edm ko\u0161i<\/p>\n<p>na hlavn\u00edm st\u011b\u017eni nemohl tr\u00e9novat na kytaru ale jen na men\u0161\u00ed n\u00e1stroje a tak<\/p>\n<p>za\u010dal s harmonikou.\u00a0Kdy\u017e se \u010c\u00e1rl\u00ed na za\u010d\u00e1tku roku 2003 vr\u00e1til,<\/p>\n<p>za\u010dali jsme piln\u011b tr\u00e9novat\u00a0na m\u00edsto druh\u00e9 kytary s\u00a0harmonikou.<\/p>\n<p>No a pr\u00e1v\u011b sem, na po\u010d\u00e1tek roku 2003,\u00a0\u0159ad\u00edme ofici\u00e1ln\u00ed vznik na\u0161\u00ed kapely.<\/p>\n<p>Pracovn\u00ed a rodinn\u00e9 povinnosti m\u011bli za n\u00e1sledek i mnoho z\u00e1skok\u016f na r\u016fzn\u00e9 pozice<\/p>\n<p>a v podstat\u011b se v\u0161e zat\u00edm jen formovalo a budoval se z\u00e1kladn\u00ed reperto\u00e1r.<\/p>\n<p>Z\u00e1hy p\u0159i\u0161la nab\u00eddka od kamar\u00e1da J\u00e1ry Dr\u016fdika abychom zahr\u00e1li u n\u011bho v restauraci &#8222;Pallasit&#8220;<\/p>\n<p>ve Zru\u010di n.S. \u00a0Nakonec jsme souhlasili a tak jsme 19.dubna 2003 poprv\u00e9 vystoupili p\u0159ed\u00a0obecenstvo.<\/p>\n<p>Na dotaz restaurat\u00e9ra J\u00e1ry &#8222;jak se jmenujete&#8220; dostal odpov\u011b\u010f \u017ee nev\u00edme a tak se stalo,<\/p>\n<p>\u017ee\u00a0na mini-plak\u00e1tku\u00a0st\u00e1lo &#8222;Country-b\u00e1l s kapelou NEVYM&#8220;.<\/p>\n<p>&nbsp;<\/p>\n<p>Takto jsme je\u0161t\u011b fungovali zhruba do konce roku 2005, kdy jsme je\u0161t\u011b n\u011bkolikr\u00e1t vystupovali<\/p>\n<p>pod n\u00e1zvem &#8222;To\u010de\u0148\u00e1k&#8220; co\u017e byla sp\u00ed\u0161e recese p\u0159i t\u011b\u017ek\u00e9m hled\u00e1n\u00ed \u00fadern\u00e9ho n\u00e1zvu.<\/p>\n<p>B\u011bhem zimn\u00edch m\u011bs\u00edc\u016f koncem roku 2005 n\u00e1s pos\u00edlil\u00a0kamar\u00e1d<\/p>\n<p>Martin &#8222;Hrb\u00e1\u010d&#8220; Hrbek na kytaru. V tomto slo\u017een\u00ed jsme v roce 2006 za\u010dali na\u0161\u00ed<\/p>\n<p>kapelu v\u00edce propagovat a vystoupen\u00ed za\u010dala p\u0159ib\u00fdvat. Propagaci jsme podpo\u0159ili i nato\u010den\u00edm<\/p>\n<p>promo CD s n\u00e1zvem &#8222;&#8230; a jedem!&#8220; Kde se vyskytlo p\u00e1r na\u0161ich prvotin a p\u00e1r zn\u00e1m\u00fdch p\u00edsn\u00ed.<\/p>\n<p>&nbsp;<\/p>\n<p>V t\u00e9 dob\u011b\u00a0\u00c1da \u0161of\u00e9roval kamion po Evrop\u011b,\u00a0\u010c\u00e1rl\u00ed brouzdal vody v\u0161ech sv\u011btov\u00fdch<\/p>\n<p>mo\u0159\u00ed a proto bylo dosti t\u011b\u017ek\u00e9 zkou\u0161et pravideln\u011b a v pln\u00e9m seskupen\u00ed.<\/p>\n<p>To n\u00e1m d\u011blalo\u00a0velk\u00fd\u00a0probl\u00e9m i s pl\u00e1nov\u00e1n\u00edm akc\u00ed a zkou\u0161ek,\u00a0tak\u017ee se nejednou<\/p>\n<p>stalo \u017ee na akci p\u0159ijel n\u011bkdo rovnou z pr\u00e1ce a vystoupen\u00ed bylo naostro.<\/p>\n<p>Na to se n\u00e1m v podstat\u011b velice hodil \u00a0n\u00e1zev &#8222;NAWOSTRO&#8220; a tak jsme od<\/p>\n<p>za\u010d\u00e1tku roku 2006 za\u010dali tento n\u00e1zev plnohodnotn\u011b vyu\u017e\u00edvat. Na podzim roku 2008 jsme<\/p>\n<p>vydali prvn\u00ed autorsk\u00e9 CD, kter\u00e9 obsahuje v\u00fdhradn\u011b na\u0161e skladby, s n\u00e1zvem &#8222;Po n\u00e1s potopa!&#8220;<\/p>\n<p>Od listopadu 2010\u00a0jsme ofici\u00e1ln\u011b zaregistrovan\u00e1 kapela u spole\u010dnosti Intergram.<\/p>\n<p>&nbsp;<\/p>\n<p>V druh\u00e9 polovin\u011b roku 2013 n\u00e1m za\u010dal Hrb\u00e1\u010d odskakovat je\u0161t\u011b do dal\u0161\u00ed kapely,<\/p>\n<p>od kter\u00e9 m\u011bl trochu lukrativn\u011bj\u0161\u00ed nab\u00eddky na hran\u00ed. \u00a0Zprvu to nebylo probl\u00e9mem,<\/p>\n<p>v\u017edy jsme na\u0161e a jeho akce dok\u00e1zali koordinovat. Bohu\u017eel b\u011bhem roku 2014<\/p>\n<p>bylo\u00a0jeho akc\u00ed tolik, \u017ee se n\u00e1m neda\u0159ilo b\u00fdt v\u0161ude kompletn\u00ed a p\u0159i\u0161la na \u0159adu<\/p>\n<p>varianta se z\u00e1skoky za Hrb\u00e1\u010de. N\u011bkdy jsme hr\u00e1li jen ve \u010dty\u0159ech a hodn\u011b \u010dasto<\/p>\n<p>vypomohl Honza Galbav\u00fd, kter\u00fd do na\u0161\u00ed kapely b\u011bhem mnoha z\u00e1skok\u016f p\u011bkn\u011b zapadl.<\/p>\n<p>A tak\u00a0se\u00a0stal &#8222;Jenda&#8220;\u00a0\u00a0od\u00a0za\u010d\u00e1tku roku 2016\u00a0plnohodnotn\u00fdm \u010dlenem kapely.<\/p>\n<p>No a dnes hrajeme tady&#8230;<\/p>\n<p>&#8230;. a co bude d\u00e1l, to uk\u00e1\u017ee \u010das \ud83d\ude42<\/p>\n<p>Motto: \u00a0Hrajem pro radost a z\u00e1bavu ale v\u017edy \u00a0NAWOSTRO.<\/p>\n<p>&nbsp;<\/p>\n<p>Kapelou b\u011bhem v\u011bk\u016f je\u0161t\u011b pro\u0161li bu\u010f jako z\u00e1skok nebo \u010dlenov\u00e9 a auto\u0159i n\u011bkter\u00fdch p\u00edsn\u00ed:<\/p>\n<p>&#8222;Hrb\u00e1\u010d&#8220; Martin Hrbek &#8211; kytara, zp\u011bv, autor<\/p>\n<p>&#8222;Otyl\u00edn&#8220; Honza Kop\u010dan &#8211; banjo<\/p>\n<p>&#8222;P\u00e1\u0165a&#8220; Patrik Kl\u010do &#8211; banjo<\/p>\n<p>&#8222;Dopita&#8220; Va\u0161ek Louman &#8211; kytara, zp\u011bv<\/p>\n<p>&#8222;Hurvajs&#8220; Jirka &#8230;&#8230;. &#8211; basa<\/p>\n<p>v\u0161em moc d\u00edky<\/p>\n","protected":false},"excerpt":{"rendered":"<p>&nbsp; &nbsp; &#8230;aktualizov\u00e1no 22.6.2016 V\u00edtejte na str\u00e1nk\u00e1ch \u010cervenope\u010deck\u00e9 R\u00e1dobyk\u00e1ntrykapely NAWOSTRO. Na\u0161e nez\u00e1visl\u00e9 hudebn\u00ed sdru\u017een\u00ed se geograficky usadilo v \u010cerven\u00fdch Pe\u010dk\u00e1ch na Kol\u00ednsku a \u010d\u00edt\u00e1 5 \u010dlen\u016f: Basa: &#8222;\u00c1da&#8220; &#8211; \u00a0V\u00e1clav Adamec (kapeln\u00edk) Banjo: &#8222;\u0160p\u00edna&#8220; &#8211; \u00a0Miroslav \u0160pinka Kytara 6: &#8222;Jenda&#8220; &#8211; \u00a0Jan Galbav\u00fd Kytara 12: &#8222;mc&#8220; nebo &#8222;Hamrou\u0161&#8220; &#8211; \u00a0Karel Hamr \u00a0** Fouka\u010dky a fl\u00e9tny: [&hellip;]<\/p>\n","protected":false},"author":1,"featured_media":0,"parent":0,"menu_order":3,"comment_status":"closed","ping_status":"closed","template":"","meta":{"ngg_post_thumbnail":0},"_links":{"self":[{"href":"https:\/\/www.nawostro.cz\/index.php?rest_route=\/wp\/v2\/pages\/2"}],"collection":[{"href":"https:\/\/www.nawostro.cz\/index.php?rest_route=\/wp\/v2\/pages"}],"about":[{"href":"https:\/\/www.nawostro.cz\/index.php?rest_route=\/wp\/v2\/types\/page"}],"author":[{"embeddable":true,"href":"https:\/\/www.nawostro.cz\/index.php?rest_route=\/wp\/v2\/users\/1"}],"replies":[{"embeddable":true,"href":"https:\/\/www.nawostro.cz\/index.php?rest_route=%2Fwp%2Fv2%2Fcomments&post=2"}],"version-history":[{"count":49,"href":"https:\/\/www.nawostro.cz\/index.php?rest_route=\/wp\/v2\/pages\/2\/revisions"}],"predecessor-version":[{"id":1581,"href":"https:\/\/www.nawostro.cz\/index.php?rest_route=\/wp\/v2\/pages\/2\/revisions\/1581"}],"wp:attachment":[{"href":"https:\/\/www.nawostro.cz\/index.php?rest_route=%2Fwp%2Fv2%2Fmedia&parent=2"}],"curies":[{"name":"wp","href":"https:\/\/api.w.org\/{rel}","templated":true}]}}

O nás

<p>&nbsp;</p>
<p><a href="http://www.nawostro.cz/wp-content/uploads/2021/02/Nawostro-2-1-tiskova-zprava-1-2021-na-web2.jpg"><img loading="lazy" class="aligncenter size-large wp-image-1577" src="http://www.nawostro.cz/wp-content/uploads/2021/02/Nawostro-2-1-tiskova-zprava-1-2021-na-web2-652x1024.jpg" alt="" width="652" height="1024" srcset="https://www.nawostro.cz/wp-content/uploads/2021/02/Nawostro-2-1-tiskova-zprava-1-2021-na-web2-652x1024.jpg 652w, https://www.nawostro.cz/wp-content/uploads/2021/02/Nawostro-2-1-tiskova-zprava-1-2021-na-web2-191x300.jpg 191w, https://www.nawostro.cz/wp-content/uploads/2021/02/Nawostro-2-1-tiskova-zprava-1-2021-na-web2-768x1207.jpg 768w, https://www.nawostro.cz/wp-content/uploads/2021/02/Nawostro-2-1-tiskova-zprava-1-2021-na-web2.jpg 1654w" sizes="(max-width: 652px) 100vw, 652px" /></a><a href="http://www.nawostro.cz/wp-content/uploads/2020/11/Nawostro-2-0-tiskova-zprava-11-2020-na-web1.jpg"><img loading="lazy" class="aligncenter size-large wp-image-1565" src="http://www.nawostro.cz/wp-content/uploads/2020/11/Nawostro-2-0-tiskova-zprava-11-2020-na-web1-358x1024.jpg" alt="" width="358" height="1024" srcset="https://www.nawostro.cz/wp-content/uploads/2020/11/Nawostro-2-0-tiskova-zprava-11-2020-na-web1-358x1024.jpg 358w, https://www.nawostro.cz/wp-content/uploads/2020/11/Nawostro-2-0-tiskova-zprava-11-2020-na-web1-105x300.jpg 105w, https://www.nawostro.cz/wp-content/uploads/2020/11/Nawostro-2-0-tiskova-zprava-11-2020-na-web1-768x2194.jpg 768w, https://www.nawostro.cz/wp-content/uploads/2020/11/Nawostro-2-0-tiskova-zprava-11-2020-na-web1.jpg 1654w" sizes="(max-width: 358px) 100vw, 358px" /></a></p>
<p>&nbsp;</p>
<p>&#8230;aktualizováno 22.6.2016</p>
<p>Vítejte na stránkách Červenopečecké Rádobykántrykapely NAWOSTRO.</p>
<p>Naše nezávislé hudební sdružení se geograficky usadilo v Červených Pečkách</p>
<p>na Kolínsku a čítá 5 členů:</p>
<p>Basa: &#8222;Áda&#8220; &#8211;  Václav Adamec (kapelník)</p>
<p>Banjo: &#8222;Špína&#8220; &#8211;  Miroslav Špinka</p>
<p>Kytara 6: &#8222;Jenda&#8220; &#8211;  Jan Galbavý</p>
<p>Kytara 12: &#8222;mc&#8220; nebo &#8222;Hamrouš&#8220; &#8211;  Karel Hamr  **</p>
<p>Foukačky a flétny: &#8222;Čárlí&#8220; &#8211;  Karel Svoboda</p>
<p>Základem repertoáru je několik písní vlastní tvorby, okořeněné skladbami známých</p>
<p>českých  interpretů v oblasti country-folku (Nedvědi, Kabáti atd&#8230;.).</p>
<p>**  &#8222;mc&#8220; je přezdívka z mládí, kdy byl velmi obýbený americký rapper MC Hammer</p>
<p>&nbsp;</p>
<p>Datum zárodku našeho sdružení je shodný s datem svatby našeho kapelníka, což byl červenec 2002,</p>
<p>po té co jako svatební dar dostal kontrabas ( už je rozveden-poznámka redakce).</p>
<p>To bylo prvním impulsem k tomu, abychom se začali pravidelně scházet. Do podzimu 2002 jsme</p>
<p>se rozrostli ve čtyřčlenné osazení Áda, mc, Čárlí a Špína  &#8211; basa, 2 kytary a banjo.</p>
<p>V té době se Čárlí živil jako námořník a ve chvíli kdy se již zdálo že to alespoň trochu šlape</p>
<p>odjel na loď a zůstali jsme jen ve třech. Výhodou jeho odjezdů bylo, že ve strážním koši</p>
<p>na hlavním stěžni nemohl trénovat na kytaru ale jen na menší nástroje a tak</p>
<p>začal s harmonikou. Když se Čárlí na začátku roku 2003 vrátil,</p>
<p>začali jsme pilně trénovat na místo druhé kytary s harmonikou.</p>
<p>No a právě sem, na počátek roku 2003, řadíme oficiální vznik naší kapely.</p>
<p>Pracovní a rodinné povinnosti měli za následek i mnoho záskoků na různé pozice</p>
<p>a v podstatě se vše zatím jen formovalo a budoval se základní repertoár.</p>
<p>Záhy přišla nabídka od kamaráda Járy Drůdika abychom zahráli u něho v restauraci &#8222;Pallasit&#8220;</p>
<p>ve Zruči n.S.  Nakonec jsme souhlasili a tak jsme 19.dubna 2003 poprvé vystoupili před obecenstvo.</p>
<p>Na dotaz restauratéra Járy &#8222;jak se jmenujete&#8220; dostal odpověď že nevíme a tak se stalo,</p>
<p>že na mini-plakátku stálo &#8222;Country-bál s kapelou NEVYM&#8220;.</p>
<p>&nbsp;</p>
<p>Takto jsme ještě fungovali zhruba do konce roku 2005, kdy jsme ještě několikrát vystupovali</p>
<p>pod názvem &#8222;Točeňák&#8220; což byla spíše recese při těžkém hledání úderného názvu.</p>
<p>Během zimních měsíců koncem roku 2005 nás posílil kamarád</p>
<p>Martin &#8222;Hrbáč&#8220; Hrbek na kytaru. V tomto složení jsme v roce 2006 začali naší</p>
<p>kapelu více propagovat a vystoupení začala přibývat. Propagaci jsme podpořili i natočením</p>
<p>promo CD s názvem &#8222;&#8230; a jedem!&#8220; Kde se vyskytlo pár našich prvotin a pár známých písní.</p>
<p>&nbsp;</p>
<p>V té době Áda šoféroval kamion po Evropě, Čárlí brouzdal vody všech světových</p>
<p>moří a proto bylo dosti těžké zkoušet pravidelně a v plném seskupení.</p>
<p>To nám dělalo velký problém i s plánováním akcí a zkoušek, takže se nejednou</p>
<p>stalo že na akci přijel někdo rovnou z práce a vystoupení bylo naostro.</p>
<p>Na to se nám v podstatě velice hodil  název &#8222;NAWOSTRO&#8220; a tak jsme od</p>
<p>začátku roku 2006 začali tento název plnohodnotně využívat. Na podzim roku 2008 jsme</p>
<p>vydali první autorské CD, které obsahuje výhradně naše skladby, s názvem &#8222;Po nás potopa!&#8220;</p>
<p>Od listopadu 2010 jsme oficiálně zaregistrovaná kapela u společnosti Intergram.</p>
<p>&nbsp;</p>
<p>V druhé polovině roku 2013 nám začal Hrbáč odskakovat ještě do další kapely,</p>
<p>od které měl trochu lukrativnější nabídky na hraní.  Zprvu to nebylo problémem,</p>
<p>vždy jsme naše a jeho akce dokázali koordinovat. Bohužel během roku 2014</p>
<p>bylo jeho akcí tolik, že se nám nedařilo být všude kompletní a přišla na řadu</p>
<p>varianta se záskoky za Hrbáče. Někdy jsme hráli jen ve čtyřech a hodně často</p>
<p>vypomohl Honza Galbavý, který do naší kapely během mnoha záskoků pěkně zapadl.</p>
<p>A tak se stal &#8222;Jenda&#8220;  od začátku roku 2016 plnohodnotným členem kapely.</p>
<p>No a dnes hrajeme tady&#8230;</p>
<p>&#8230;. a co bude dál, to ukáže čas 🙂</p>
<p>Motto:  Hrajem pro radost a zábavu ale vždy  NAWOSTRO.</p>
<p>&nbsp;</p>
<p>Kapelou během věků ještě prošli buď jako záskok nebo členové a autoři některých písní:</p>
<p>&#8222;Hrbáč&#8220; Martin Hrbek &#8211; kytara, zpěv, autor</p>
<p>&#8222;Otylín&#8220; Honza Kopčan &#8211; banjo</p>
<p>&#8222;Páťa&#8220; Patrik Klčo &#8211; banjo</p>
<p>&#8222;Dopita&#8220; Vašek Louman &#8211; kytara, zpěv</p>
<p>&#8222;Hurvajs&#8220; Jirka &#8230;&#8230;. &#8211; basa</p>
<p>všem moc díky</p>

<p>&nbsp; &nbsp; &#8230;aktualizováno 22.6.2016 Vítejte na stránkách Červenopečecké Rádobykántrykapely NAWOSTRO. Naše nezávislé hudební sdružení se geograficky usadilo v Červených Pečkách na Kolínsku a čítá 5 členů: Basa: &#8222;Áda&#8220; &#8211;  Václav Adamec (kapelník) Banjo: &#8222;Špína&#8220; &#8211;  Miroslav Špinka Kytara 6: &#8222;Jenda&#8220; &#8211;  Jan Galbavý Kytara 12: &#8222;mc&#8220; nebo &#8222;Hamrouš&#8220; &#8211;  Karel Hamr  ** Foukačky a flétny: [&hellip;]</p>
